n 1343 is divided by 642?
59
What is the remainder when 15103 is divided by 7204?
695
What is the remainder when 13535 is divided by 183?
176
Calculate the remainder when 18590 is divided by 250.
90
Calculate the remainder when 39927 is divided by 26.
17
Calculate the remainder when 116712 is divided by 1112.
1064
Calculate the remainder when 64679 is divided by 42.
41
What is the remainder when 5245 is divided by 210?
205
Calculate the remainder when 21089 is divided by 6710.
959
Calculate the remainder when 1545 is divided by 741.
63
Calculate the remainder when 119726 is divided by 22.
2
What is the remainder when 5857 is divided by 483?
61
Calculate the remainder when 5735 is divided by 24.
23
What is the remainder when 147629 is divided by 399?
398
Calculate the remainder when 1844 is divided by 597.
53
Calculate the remainder when 2325 is divided by 1088.
149
Calculate the remainder when 6205 is divided by 172.
13
What is the remainder when 568 is divided by 135?
28
What is the remainder when 176702 is divided by 16?
14
What is the remainder when 1877 is divided by 1458?
419
What is the remainder when 74982 is divided by 318?
252
Calculate the remainder when 40920 is divided by 802.
18
What is the remainder when 1227 is divided by 215?
152
What is the remainder when 161917 is divided by 121?
19
Calculate the remainder when 60681 is divided by 295.
206
What is the remainder when 24760 is divided by 248?
208
Calculate the remainder when 973123 is divided by 5.
3
Calculate the remainder when 91681 is divided by 39.
31
Calculate the remainder when 118037 is divided by 84.
17
Calculate the remainder when 1796064 is divided by 21.
18
Calculate the remainder when 22304 is divided by 43.
30
What is the remainder when 267645 is divided by 15743?
14
What is the remainder when 62050 is divided by 5169?
22
What is the remainder when 184668 is divided by 5?
3
What is the remainder when 58635 is divided by 2442?
27
What is the remainder when 47807 is divided by 1841?
1782
What is the remainder when 650 is divided by 636?
14
Calculate the remainder when 45315 is divided by 768.
3
Calculate the remainder when 616015 is divided by 19.
16
Calculate the remainder when 6323 is divided by 980.
443
Calculate the remainder when 31734 is divided by 218.
124
Calculate the remainder when 148529 is divided by 37128.
17
What is the remainder when 466881 is divided by 863?
861
What is the remainder when 31879 is divided by 15937?
5
What is the remainder when 570178 is divided by 1481?
1474
Calculate the remainder when 372087 is divided by 158.
155
What is the remainder when 22796 is divided by 28?
4
What is the remainder when 133703 is divided by 1714?
11
What is the remainder when 805 is divided by 132?
13
What is the remainder when 396 is divided by 315?
81
What is the remainder when 23632 is divided by 93?
10
Calculate the remainder when 1913 is divided by 353.
148
Calculate the remainder when 4367 is divided by 28.
27
Calculate the remainder when 24520 is divided by 388.
76
Calculate the remainder when 9364 is divided by 800.
564
Calculate the remainder when 10767 is divided by 71.
46
Calculate the remainder when 3928 is divided by 530.
218
What is the remainder when 7140 is divided by 1430?
1420
Calculate the remainder when 2875 is divided by 2857.
18
What is the remainder when 989 is divided by 125?
114
What is the remainder when 138525 is divided by 117?
114
Calculate the remainder when 16934 is divided by 158.
28
Calculate the remainder when 616976 is divided by 791.
787
What is the remainder when 22121 is divided by 3159?
8
Calculate the remainder when 3473 is divided by 1151.
20
What is the remainder when 73271 is divided by 13?
3
Calculate the remainder when 15354 is divided by 111.
36
Calculate the remainder when 6014 is divided by 148.
94
Calculate the remainder when 39111 is divided by 55.
6
What is the remainder when 34668 is divided by 524?
84
Calculate the remainder when 7804 is divided by 65.
4
Calculate the remainder when 27687 is divided by 791.
2
Calculate the remainder when 3824 is divided by 891.
260
Calculate the remainder when 119982 is divided by 531.
507
What is the remainder when 236972 is divided by 39?
8
What is the remainder when 391 is divided by 385?
6
Calculate the remainder when 7973 is divided by 5.
3
Calculate the remainder when 25108 is divided by 3.
1
What is the remainder when 10245 is divided by 99?
48
What is the remainder when 111996 is divided by 4869?
9
Calculate the remainder when 12081 is divided by 367.
337
What is the remainder when 46323 is divided by 13?
4
Calculate the remainder when 101377 is divided by 1152.
1
What is the remainder when 551752 is divided by 880?
872
Calculate the remainder when 22745 is divided by 61.
53
What is the remainder when 20554 is divided by 2055?
4
Calculate the remainder when 2086422 is divided by 495.
492
What is the remainder when 77771 is divided by 573?
416
Calculate the remainder when 882647 is divided by 152.
135
What is the remainder when 344810 is divided by 19?
17
What is the remainder when 12822 is divided by 276?
126
What is the remainder when 82159 is divided by 27?
25
What is the remainder when 62285 is divided by 116?
109
Calculate the remainder when 97455 is divided by 2953.
6
What is the remainder when 4521 is divided by 34?
33
What is the remainder when 1540 is divided by 378?
28
What is the remainder when 1692750 is divided by 366?
0
Calculate the remainder when 4004 is divided by 200.
4
Calculate the remainder when 272 is divided by 112.
48
What is the remainder when 7890 is divided by 7428?
462
What is the remainder when 515765 is divided by 4?
1
What is the remainder when 6263 is divided by 605?
213
What is the remainder when 4469 is divided by 758?
679
What is the remainder when 49562 is divided by 137?
105
Calculate the remainder when 44987 is divided by 2494.
95
What is the remainder when 7557 is divided by 1244?
93
What is the remainder when 18151 is divided by 100?
51
What is the remainder when 5829 is divided by 1906?
111
Calculate the remainder when 5790 is divided by 30.
0
What is the remainder when 3592 is divided by 10?
2
Calculate the remainder when 13608 is divided by 273.
231
What is the remainder when 972068 is divided by 1160?
1148
What is the remainder when 7850 is divided by 1555?
75
Calculate the remainder when 12118 is divided by 392.
358
Calculate the remainder when 875 is divided by 47.
29
Calculate the remainder when 68106 is divided by 13619.
11
What is the remainder when 152137 is divided by 152112?
25
What is the remainder when 2146 is divided by 243?
202
What is the remainder when 31826 is divided by 4533?
95
Calculate the remainder when 56923 is divided by 23.
21
What is the remainder when 1456084 is divided by 291213?
19
Calculate the remainder when 11242 is divided by 3736.
34
What is the remainder when 114936 is divided by 28716?
72
What is the remainder when 7579 is divided by 32?
27
Calculate the remainder when 8313 is divided by 4095.
123
Calculate the remainder when 3335 is divided by 1005.
320
What is the remainder when 2017 is divided by 116?
45
Calculate the remainder when 4810 is divided by 1311.
877
Calculate the remainder when 190581 is divided by 37.
31
Calculate the remainder when 16429 is divided by 1509.
1339
What is the remainder when 43194 is divided by 286?
8
Calculate the remainder when 1597 is divided by 52.
37
Calculate the remainder when 6027 is divided by 6021.
6
Calculate the remainder when 7801167 is divided by 2158.
2155
Calculate the remainder when 4772 is divided by 288.
164
What is the remainder when 22402 is divided by 25?
2
Calculate the remainder when 1058 is divided by 413.
232
Calculate the remainder when 25753 is divided by 92.
85
What is the remainder when 4096 is divided by 305?
131
What is the remainder when 3296 is divided by 75?
71
What is the remainder when 1838 is divided by 638?
562
Calculate the remainder when 16037 is divided by 171.
134
Calculate the remainder when 111199 is divided by 2926.
11
Calculate the remainder when 352363 is divided by 88090.
3
What is the remainder when 164 is divided by 113?
51
What is the remainder when 282572 is divided by 367?
349
Calculate the remainder wh